 3131122103121?
-3131122103130
In base 2, what is -11 + -1010010100011111010100000?
-1010010100011111010100011
In base 16, what is -5 - -ed424?
ed41f
In base 7, what is 6600 - -4531?
14431
In base 5, what is 2323220 + -423?
2322242
In base 6, what is 105541451 - -2?
105541453
In base 8, what is -2 + -111156657?
-111156661
In base 14, what is -1c69 + 27?
-1c42
In base 15, what is bb9 - -112ee?
11eb8
In base 13, what is -7 - 5322a9?
-5322b3
In base 12, what is 2 - -388a58b9?
388a58bb
In base 13, what is -456aa + 50?
-4565a
In base 8, what is -3177360 + -22?
-3177402
In base 12, what is -29974 - 637?
-2a3ab
In base 13, what is 3c618c + 14a?
3c6309
In base 7, what is 3313460423 + 5?
3313460431
In base 6, what is -20011 + 145330?
125315
In base 10, what is -6361414 + -124?
-6361538
In base 7, what is -406 - 2125444?
-2126153
In base 6, what is -2242 - -103124334?
103122052
In base 4, what is -130133231 + -13033?
-130212330
In base 6, what is -31 + 400431025?
400430554
In base 14, what is -4 - 27b51?
-27b55
In base 4, what is -1111232100221031 + 11?
-1111232100221020
In base 13, what is -132b - 38681?
-399ac
In base 12, what is -626310 - -21?
-6262ab
In base 7, what is -216134606 + 1?
-216134605
In base 14, what is -94c + -4b65?
-56b3
In base 14, what is -6859d1 - 0?
-6859d1
In base 14, what is -21197d - 1?
-211980
In base 16, what is -f - 10c2ec?
-10c2fb
In base 7, what is -106 - 1131652?
-1132061
In base 16, what is -14b2 - 5a5e?
-6f10
In base 8, what is 45544377 + -23?
45544354
In base 14, what is 2 - 3144dc2c?
-3144dc2a
In base 2, what is 101 - -1011110011101111111111001?
1011110011101111111111110
In base 11, what is 113 - a18a?
-a077
In base 7, what is -5022630 + 4?
-5022623
In base 9, what is 1205 - -242376?
243582
In base 14, what is -2 - 6815a73?
-6815a75
In base 7, what is 55141 - -45421?
133562
In base 4, what is -1 + -132301213210?
-132301213211
In base 11, what is 76 + 1a9a133?
1a9a1a9
In base 12, what is a9a2a4b - -1?
a9a2a50
In base 10, what is 93137 + 24?
93161
In base 10, what is 415197 - -15?
415212
In base 6, what is -25040 - 13253?
-42333
In base 15, what is e62b + 1b?
e647
In base 5, what is -1413442340 - 21?
-1413442411
In base 7, what is -15 - 3351103?
-3351121
In base 14, what is -d18 - -201ca?
1d2b2
In base 16, what is -c + 24d3e8?
24d3dc
In base 5, what is 3224 + -24241411?
-24233132
In base 16, what is -25281 - -6c2?
-24bbf
In base 3, what is 1100100020110112 - 122?
1100100020102220
In base 10, what is 1725033 + 6?
1725039
In base 9, what is 278 + 1360742?
1361131
In base 6, what is -13305402341 + -2?
-13305402343
In base 8, what is -4652 - -2407?
-2243
In base 3, what is -121010100000121 + -100?
-121010100000221
In base 16, what is 2f8 - f41?
-c49
In base 13, what is 538682 + 3?
538685
In base 9, what is -22266383 - -5?
-22266377
In base 5, what is -120400320431 - -20?
-120400320411
In base 3, what is 1001 + -102000212211?
-102000211210
In base 14, what is -7 + -144d5739?
-144d5742
In base 3, what is 120001122122 - -11122221?
120020022120
In base 2, what is -1000101010001100011000001110 - 10?
-1000101010001100011000010000
In base 14, what is 12 + 91d61?
91d73
In base 10, what is -24237 + 2778?
-21459
In base 8, what is 15121721 + -5?
15121714
In base 2, what is -10101010101000001 - -11100100?
-10101010001011101
In base 11, what is -18413543 + 4?
-1841353a
In base 4, what is -131022321 + -32030?
-131121011
In base 6, what is -310 - 220002?
-220312
In base 2, what is -101 + 10000100100101100101?
10000100100101100000
In base 7, what is -151102 - 1504?
-152606
In base 6, what is -524341 - 1241?
-530022
In base 7, what is -46566 - -304413?
224514
In base 5, what is -2010 - -1231113011?
1231111001
In base 13, what is 606c - 280?
5abc
In base 5, what is 123240443 - 11?
123240432
In base 12, what is 300287 + 1bb?
300486
In base 11, what is -403 - 17503?
-17906
In base 8, what is -532737 - 2414?
-535353
In base 15, what is -13 - b432ba?
-b432cd
In base 14, what is 14606 + d77?
1557d
In base 5, what is 3213423 - -3011?
3221434
In base 3, what is 0 + -1012122220121021?
-1012122220121021
In base 10, what is 14 + -3977654?
-3977640
In base 3, what is 10221200222121 + 2000?
10221201001121
In base 15, what is 3b69 - -581?
41ea
In base 16, what is -48c + 353d?
30b1
In base 10, what is -5 + -120891608?
-120891613
In base 10, what is -3020 - -12134?
9114
In base 8, what is 1314 - 143271?
-141755
In base 16, what is affc7 + -45?
aff82
In base 12, what is -5a8 - -45997?
453ab
In base 3, what is 121020 - 2012112121?
-2011221101
In base 12, what is 1ab - 562a30?
-562841
In base 2, what is -1101001100110 + 10010110111110?
101101011000
In base 3, what is 21101010 - -12212021?
111020101
In base 14, what is -10b4 + 2a1?
-c13
In base 16, what is 452 + -a4c?
-5fa
In base 5, what is -1012322331 + -10?
-1012322341
In base 13, what is -60aa6 - -9?
-60a9a
In base 16, what is 14cb56 + c?
14cb62
In base 3, what is -11 - 21020210010?
-21020210021
In base 9, what is 32138 - 672?
31356
In base 10, what is 25 - 4822766?
-4822741
In base 6, what is 5323 + -135114?
-125351
In base 2, what is 110010110 - 11110101011010?
-11101111000100
In base 9, what is 113744 + -3566?
110167
In base 13, what is 1caa5c - 0?
1caa5c
In base 13, what is -61aac0 - -19?
-61aaa4
In base 12, what is -2627968 + 4?
-2627964
In base 12, what is -69355 - 1bab?
-6b344
In base 2, what is 100011100 - -1110110111000111?
1110111011100011
In base 4, what is -131110222 + -1112?
-131112000
In base 2, what is -101 - 101101010000110011101?
-101101010000110100010
In base 5, what is -3 - -110402444?
110402441
In base 5, what is 1431321020 - -12?
1431321032
In base 15, what is -8aa6 - 4cbc?
-d873
In base 13, what is b6a34a3 + 4?
b6a34a7
In base 15, what is -12 + -15338a?
-15339c
In base 14, what is 0 - 30a5a9?
-30a5a9
In base 4, what is 1130030000330 + 10?
1130030001000
In base 11, what is 51 + 99393?
99434
In base 13, what is 23a321 + -386?
239c68
In base 11, what is -7a1372 + -93?
-7a1455
In base 11, what is -42 - -3843740?
38436a9
In base 5, what is -2134404244 - -10?
-2134404234
In base 6, what is 402 + 1322550?
1323352
In base 13, what is -4c4130 + -56?
-4c4186
In base 6, what is -1215504 + -4115?
-1224023
In base 11, what is 5 - 87a8a1?
-87a897
In base 9, what is -51257 + 565?
-50582
In base 16, what is 176 - -219f?
2315
In base 11, what is 1569288 - 6?
1569282
In base 7, what is -2 - 112036531?
-112036533
In base 3, what is -1101122020020 - -110?
-1101122012210
In base 2, what is -1011001100010111101001 - 10010011?
-1011001100011001111100
In base 12, what is 630381 - -5a6?
630967
In base 15, what is 180 - -22814?
22994
In base 11, what is 161 - 662367?
-662206
In base 5, what is 1424441021 - -14?
1424441040
In base 13, what is -3b - 1084a7?
-108515
In base 15, what is 5b - 40d30?
-40cc4
In base 7, what is 10 + -240631055?
-240631045
In base 16, what is -57952 - -aa?
-578a8
In base 13, what is 270a7 + -267?
26b40
In base 6, what is -1255 + -30324113?
-30325412
In base 16, what is -9565d - b?
-95668
In base 10, what is -57282351 + 1?
-57282350
In base 8, what is 1470325 - -215?
1470542
In base 13, what is 5408bc - -29?
540918
In base 14, what is -7c - -10847b0?
1084732
In base 16, what is 14f57 - 1c9?
14d8e
In base 3, what is 100020101 + -20121?
22222210
In base 2, what is -11101110110010001101001110 - -101?
-11101110110010001101001001
In base 6, what is 3413 - -123010?
130423
In base 10, what is 325 - -2115555?
2115880
In base 13, what is 3b0 + 402?
7b2
In base 9, what is 3725216220 - 1?
3725216218
In base 13, what is -66609 - 21?
-6662a
In base 10, what is 1 + -3609862?
-3609861
In base 16, what is 27efb4 + -1?
27efb3
In base 2, what is -101111101101101001 + 10110110010?
-101111010110110111
In base 14, what is -6ba5 - -629?
-657a
In base 9, what is 365 - 3588?
-3223
In base 3, what is -11121102 + 1120121?
-10000211
In base 10, what is -1 - -18732155?
18732154
In base 3, what is 110212021211201 + -12?
110212021211112
In base 16, what is -2 + -1296b31?
-1296b33
In base 3, what is -2120 + 1010221?
1001101
In base 11, what is a18a5743 + -1?
a18a5742
In base 4, what is -3233 - -311120011?
311110112
In base 12, what is 124 + -234806?
-2346a2
In base 13, what is -10c4 + 3373?
227c
In base 2, what 